{"id":197,"date":"2026-03-03T11:00:02","date_gmt":"2026-03-03T10:00:02","guid":{"rendered":"https:\/\/www.oudonavecvous.ovh\/?page_id=197"},"modified":"2026-03-03T23:20:31","modified_gmt":"2026-03-03T22:20:31","slug":"presentation-de-notre-liste","status":"publish","type":"page","link":"https:\/\/www.oudonavecvous.ovh\/index.php\/que-proposons-nous\/presentation-de-notre-liste\/","title":{"rendered":"Pr\u00e9sentation de notre Liste"},"content":{"rendered":"\n<p>Nos \u00e9changes lors de la campagne l\u2019ont d\u00e9montr\u00e9 : l\u2019acc\u00e8s au logement, aux soins, le lien entre les habitantes et les habitants, la pr\u00e9servation de notre environnement sont des sujets importants pour les Oudonnaises et les Oudonnais. Ces sujets auront une place importante dans notre projet pour prendre en compte ces besoins.<\/p>\n\n\n\n<p><strong>Aujourd\u2019hui, je suis heureuse et fi\u00e8re de vous pr\u00e9senter notre liste: c&rsquo;est une liste sans \u00e9tiquette, car nous pensons qu&rsquo;au-del\u00e0 des politiques politiciennes, ce qui compte, c&rsquo;est l&rsquo;int\u00e9r\u00eat g\u00e9n\u00e9ral.<\/strong><\/p>\n\n\n\n<p>Nous sommes pr\u00eats \u00e0 travailler au bien commun avec pour ligne de conduite : la solidarit\u00e9, la transparence, le respect et la responsabilit\u00e9. <\/p>\n\n\n\n<p>Nous avons tous \u00e0 c\u0153ur de mettre notre \u00e9nergie et nos id\u00e9es au service de notre commune. <\/p>\n\n\n\n<p>Ensemble, nous ferons tout pour \u00eatre \u00e0 l\u2019\u00e9coute des attentes des Oudonnaises et Oudonnais, porter les int\u00e9r\u00eats d\u2019Oudon au niveau intercommunal et faire en sorte que l\u2019on continue de s\u2019y sentir bien.<\/p>\n\n\n\n<figure class=\"wp-block-image size-full\"><img loading=\"lazy\" decoding=\"async\" width=\"750\" height=\"804\" src=\"https:\/\/www.oudonavecvous.ovh\/wp-content\/uploads\/2026\/03\/liste-1.jpeg\" alt=\"\" class=\"wp-image-145\" srcset=\"https:\/\/www.oudonavecvous.ovh\/wp-content\/uploads\/2026\/03\/liste-1.jpeg 750w, https:\/\/www.oudonavecvous.ovh\/wp-content\/uploads\/2026\/03\/liste-1-280x300.jpeg 280w\" sizes=\"auto, (max-width: 750px) 100vw, 750px\" \/><\/figure>\n\n\n\n<figure class=\"wp-block-image size-large\"><img loading=\"lazy\" decoding=\"async\" width=\"801\" height=\"1024\" src=\"https:\/\/www.oudonavecvous.ovh\/wp-content\/uploads\/2026\/03\/liste-2-801x1024.jpeg\" alt=\"\" class=\"wp-image-146\" srcset=\"https:\/\/www.oudonavecvous.ovh\/wp-content\/uploads\/2026\/03\/liste-2-801x1024.jpeg 801w, https:\/\/www.oudonavecvous.ovh\/wp-content\/uploads\/2026\/03\/liste-2-235x300.jpeg 235w, https:\/\/www.oudonavecvous.ovh\/wp-content\/uploads\/2026\/03\/liste-2-768x981.jpeg 768w, https:\/\/www.oudonavecvous.ovh\/wp-content\/uploads\/2026\/03\/liste-2-1202x1536.jpeg 1202w, https:\/\/www.oudonavecvous.ovh\/wp-content\/uploads\/2026\/03\/liste-2.jpeg 1252w\" sizes=\"auto, (max-width: 801px) 100vw, 801px\" \/><\/figure>\n\n\n\n<figure class=\"wp-block-image size-large\"><img loading=\"lazy\" decoding=\"async\" width=\"793\" height=\"1024\" src=\"https:\/\/www.oudonavecvous.ovh\/wp-content\/uploads\/2026\/03\/LISTE-3-793x1024.jpeg\" alt=\"\" class=\"wp-image-147\" srcset=\"https:\/\/www.oudonavecvous.ovh\/wp-content\/uploads\/2026\/03\/LISTE-3-793x1024.jpeg 793w, https:\/\/www.oudonavecvous.ovh\/wp-content\/uploads\/2026\/03\/LISTE-3-232x300.jpeg 232w, https:\/\/www.oudonavecvous.ovh\/wp-content\/uploads\/2026\/03\/LISTE-3-768x992.jpeg 768w, https:\/\/www.oudonavecvous.ovh\/wp-content\/uploads\/2026\/03\/LISTE-3-1189x1536.jpeg 1189w, https:\/\/www.oudonavecvous.ovh\/wp-content\/uploads\/2026\/03\/LISTE-3.jpeg 1239w\" sizes=\"auto, (max-width: 793px) 100vw, 793px\" \/><\/figure>\n\n\n\n<figure class=\"wp-block-image size-large\"><img loading=\"lazy\" decoding=\"async\" width=\"1024\" height=\"462\" src=\"https:\/\/www.oudonavecvous.ovh\/wp-content\/uploads\/2026\/03\/LISTE-4-1024x462.jpeg\" alt=\"\" class=\"wp-image-148\" srcset=\"https:\/\/www.oudonavecvous.ovh\/wp-content\/uploads\/2026\/03\/LISTE-4-1024x462.jpeg 1024w, https:\/\/www.oudonavecvous.ovh\/wp-content\/uploads\/2026\/03\/LISTE-4-300x135.jpeg 300w, https:\/\/www.oudonavecvous.ovh\/wp-content\/uploads\/2026\/03\/LISTE-4-768x347.jpeg 768w, https:\/\/www.oudonavecvous.ovh\/wp-content\/uploads\/2026\/03\/LISTE-4.jpeg 1414w\" sizes=\"auto, (max-width: 1024px) 100vw, 1024px\" \/><\/figure>\n\n\n\n<p><\/p>\n","protected":false},"excerpt":{"rendered":"<p>Nos \u00e9changes lors de la campagne l\u2019ont d\u00e9montr\u00e9 : l\u2019acc\u00e8s au logement, aux soins, le lien entre les habitantes et les habitants, la pr\u00e9servation de notre environnement sont des sujets importants pour les Oudonnaises et les Oudonnais. Ces sujets auront une place importante dans notre projet pour prendre en compte ces besoins. Aujourd\u2019hui, je suis [&hellip;]<\/p>\n","protected":false},"author":5,"featured_media":0,"parent":190,"menu_order":0,"comment_status":"closed","ping_status":"closed","template":"","meta":{"footnotes":""},"class_list":["post-197","page","type-page","status-publish","hentry"],"jetpack_sharing_enabled":true,"_links":{"self":[{"href":"https:\/\/www.oudonavecvous.ovh\/index.php\/wp-json\/wp\/v2\/pages\/197","targetHints":{"allow":["GET"]}}],"collection":[{"href":"https:\/\/www.oudonavecvous.ovh\/index.php\/wp-json\/wp\/v2\/pages"}],"about":[{"href":"https:\/\/www.oudonavecvous.ovh\/index.php\/wp-json\/wp\/v2\/types\/page"}],"author":[{"embeddable":true,"href":"https:\/\/www.oudonavecvous.ovh\/index.php\/wp-json\/wp\/v2\/users\/5"}],"replies":[{"embeddable":true,"href":"https:\/\/www.oudonavecvous.ovh\/index.php\/wp-json\/wp\/v2\/comments?post=197"}],"version-history":[{"count":2,"href":"https:\/\/www.oudonavecvous.ovh\/index.php\/wp-json\/wp\/v2\/pages\/197\/revisions"}],"predecessor-version":[{"id":201,"href":"https:\/\/www.oudonavecvous.ovh\/index.php\/wp-json\/wp\/v2\/pages\/197\/revisions\/201"}],"up":[{"embeddable":true,"href":"https:\/\/www.oudonavecvous.ovh\/index.php\/wp-json\/wp\/v2\/pages\/190"}],"wp:attachment":[{"href":"https:\/\/www.oudonavecvous.ovh\/index.php\/wp-json\/wp\/v2\/media?parent=197"}],"curies":[{"name":"wp","href":"https:\/\/api.w.org\/{rel}","templated":true}]}}