{"id":192,"date":"2026-03-02T12:00:00","date_gmt":"2026-03-02T11:00:00","guid":{"rendered":"https:\/\/www.oudonavecvous.ovh\/?page_id=192"},"modified":"2026-03-03T23:22:37","modified_gmt":"2026-03-03T22:22:37","slug":"notre-programme","status":"publish","type":"page","link":"https:\/\/www.oudonavecvous.ovh\/index.php\/que-proposons-nous\/notre-programme\/","title":{"rendered":"Notre Programme"},"content":{"rendered":"\n<p>Nous vous avons <a href=\"https:\/\/www.oudonavecvous.ovh\/index.php\/que-proposons-nous\/presentation-de-notre-liste\/\" data-type=\"page\" data-id=\"197\">pr\u00e9sent\u00e9 nos candidats,<\/a> il est temps de vous pr\u00e9senter notre programme, que vous avez peut-\u00eatre d\u00e9j\u00e0 re\u00e7u dans vos bo\u00eetes aux lettres.<\/p>\n\n\n\n<p>Il se d\u00e9cline en quatre th\u00e8mes:<\/p>\n\n\n\n<p class=\"has-accent-3-color has-text-color has-link-color wp-elements-ec2e2184bb9c6716b3cc7977cb13bbe6\"><strong>Oudon dynamique<\/strong><\/p>\n\n\n\n<p class=\"has-text-color has-link-color wp-elements-d842935e64338946eeb3960f3acb107d\" style=\"color:#1f8ef4\"><strong>Oudon solidaire<\/strong><\/p>\n\n\n\n<p class=\"has-text-color has-link-color wp-elements-0a11a29c405c9e6f9128fbf06d4326ce\" style=\"color:#8f2424\"><strong>Oudon rayonnante&nbsp;<\/strong><\/p>\n\n\n\n<p class=\"has-accent-4-color has-text-color has-link-color wp-elements-c4bd42e61e4f74731eeda2352b451ad0\"><strong>Oudon responsable.<\/strong>&nbsp;<\/p>\n\n\n\n<p id=\"isPasted\">&#8211;<strong>Dynamique<\/strong>&nbsp;avec une politique favorable \u00e0 l\u2019acc\u00e8s au logement des primo -acc\u00e9dants, un soutien aux professionnels locaux, l\u2019accompagnement des associations et des b\u00e9n\u00e9voles&#8230;<\/p>\n\n\n\n<p>&#8211;<strong>Solidaire,<\/strong>&nbsp;avec la poursuite de nos d\u00e9marches pour faire venir des m\u00e9decins et permettre l\u2019acc\u00e8s aux soins, en soutenant et compl\u00e9tant les actions du Centre Communal d\u2019Action Sociale, notamment pour prot\u00e9ger et aider les plus fragiles, continuer de permettre la pratique du sport pour toutes et tous, appuyer les projets pour les jeunes.<\/p>\n\n\n\n<p>&#8211;<strong>Rayonnante<\/strong>, en proposant un projet culturel commun avec l\u2019ensemble des acteurs du territoire, en informant toujours mieux les Oudonnaises et Oudonnais sur la vie municipale, en remettant du lien et de la proximit\u00e9 au c\u0153ur de notre commune.<\/p>\n\n\n\n<p>&#8211;<strong>Responsable<\/strong>, enfin: nous vivons dans un environnement exceptionnel et pour le pr\u00e9server, chaque geste compte. Il est du r\u00f4le d\u2019une commune d\u2019\u00eatre exemplaire, que ce soit en faveur de la biodiversit\u00e9, des d\u00e9placements, des finances communales.<\/p>\n\n\n\n<div data-wp-interactive=\"core\/file\" class=\"wp-block-file\"><object data-wp-bind--hidden=\"!state.hasPdfPreview\" hidden class=\"wp-block-file__embed\" data=\"https:\/\/www.oudonavecvous.ovh\/wp-content\/uploads\/2026\/03\/Tract-programme-OAV-2026.pdf\" type=\"application\/pdf\" style=\"width:100%;height:600px\" aria-label=\"Contenu embarqu\u00e9 Tract programme OAV 2026.\"><\/object><a id=\"wp-block-file--media-d9449137-3145-46c6-bc5a-a6e3e2619384\" href=\"https:\/\/www.oudonavecvous.ovh\/wp-content\/uploads\/2026\/03\/Tract-programme-OAV-2026.pdf\">Tract programme OAV 2026<\/a><a href=\"https:\/\/www.oudonavecvous.ovh\/wp-content\/uploads\/2026\/03\/Tract-programme-OAV-2026.pdf\" class=\"wp-block-file__button wp-element-button\" download aria-describedby=\"wp-block-file--media-d9449137-3145-46c6-bc5a-a6e3e2619384\">T\u00e9l\u00e9charger<\/a><\/div>\n","protected":false},"excerpt":{"rendered":"<p>Nous vous avons pr\u00e9sent\u00e9 nos candidats, il est temps de vous pr\u00e9senter notre programme, que vous avez peut-\u00eatre d\u00e9j\u00e0 re\u00e7u dans vos bo\u00eetes aux lettres. Il se d\u00e9cline en quatre th\u00e8mes: Oudon dynamique Oudon solidaire Oudon rayonnante&nbsp; Oudon responsable.&nbsp; &#8211;Dynamique&nbsp;avec une politique favorable \u00e0 l\u2019acc\u00e8s au logement des primo -acc\u00e9dants, un soutien aux professionnels locaux, [&hellip;]<\/p>\n","protected":false},"author":5,"featured_media":0,"parent":190,"menu_order":0,"comment_status":"closed","ping_status":"closed","template":"","meta":{"footnotes":""},"class_list":["post-192","page","type-page","status-publish","hentry"],"jetpack_sharing_enabled":true,"_links":{"self":[{"href":"https:\/\/www.oudonavecvous.ovh\/index.php\/wp-json\/wp\/v2\/pages\/192","targetHints":{"allow":["GET"]}}],"collection":[{"href":"https:\/\/www.oudonavecvous.ovh\/index.php\/wp-json\/wp\/v2\/pages"}],"about":[{"href":"https:\/\/www.oudonavecvous.ovh\/index.php\/wp-json\/wp\/v2\/types\/page"}],"author":[{"embeddable":true,"href":"https:\/\/www.oudonavecvous.ovh\/index.php\/wp-json\/wp\/v2\/users\/5"}],"replies":[{"embeddable":true,"href":"https:\/\/www.oudonavecvous.ovh\/index.php\/wp-json\/wp\/v2\/comments?post=192"}],"version-history":[{"count":3,"href":"https:\/\/www.oudonavecvous.ovh\/index.php\/wp-json\/wp\/v2\/pages\/192\/revisions"}],"predecessor-version":[{"id":200,"href":"https:\/\/www.oudonavecvous.ovh\/index.php\/wp-json\/wp\/v2\/pages\/192\/revisions\/200"}],"up":[{"embeddable":true,"href":"https:\/\/www.oudonavecvous.ovh\/index.php\/wp-json\/wp\/v2\/pages\/190"}],"wp:attachment":[{"href":"https:\/\/www.oudonavecvous.ovh\/index.php\/wp-json\/wp\/v2\/media?parent=192"}],"curies":[{"name":"wp","href":"https:\/\/api.w.org\/{rel}","templated":true}]}}