{"id":183,"date":"2025-06-29T12:00:11","date_gmt":"2025-06-29T10:00:11","guid":{"rendered":"https:\/\/www.oudonavecvous.ovh\/?page_id=183"},"modified":"2026-03-03T23:04:01","modified_gmt":"2026-03-03T22:04:01","slug":"cafes-de-campagne","status":"publish","type":"page","link":"https:\/\/www.oudonavecvous.ovh\/index.php\/cafes-de-campagne\/cafes-de-campagne\/","title":{"rendered":"Les caf\u00e9s de campagne"},"content":{"rendered":"\n<p><\/p>\n\n\n\n<p>Depuis un an, nous allons vers vous, pour \u00e9changer, \u00e9couter, construire Oudon demain. <br>Que ce soit lors de nos 7 caf\u00e9s de campagne ou en r\u00e9union publique, nous avons entendu ce que vous aviez \u00e0 nous dire.<\/p>\n\n\n\n<p><\/p>\n\n\n\n<p><\/p>\n\n\n\n<figure class=\"wp-block-image size-large\"><img loading=\"lazy\" decoding=\"async\" width=\"1024\" height=\"768\" src=\"https:\/\/www.oudonavecvous.ovh\/wp-content\/uploads\/2025\/06\/Poultiere-1-1024x768.jpg\" alt=\"\" class=\"wp-image-92\" srcset=\"https:\/\/www.oudonavecvous.ovh\/wp-content\/uploads\/2025\/06\/Poultiere-1-1024x768.jpg 1024w, https:\/\/www.oudonavecvous.ovh\/wp-content\/uploads\/2025\/06\/Poultiere-1-300x225.jpg 300w, https:\/\/www.oudonavecvous.ovh\/wp-content\/uploads\/2025\/06\/Poultiere-1-768x576.jpg 768w, https:\/\/www.oudonavecvous.ovh\/wp-content\/uploads\/2025\/06\/Poultiere-1-1536x1152.jpg 1536w, https:\/\/www.oudonavecvous.ovh\/wp-content\/uploads\/2025\/06\/Poultiere-1.jpg 1600w\" sizes=\"auto, (max-width: 1024px) 100vw, 1024px\" \/><\/figure>\n\n\n\n<figure class=\"wp-block-image size-large\"><img loading=\"lazy\" decoding=\"async\" width=\"1024\" height=\"768\" src=\"https:\/\/www.oudonavecvous.ovh\/wp-content\/uploads\/2025\/06\/Poultiere-2-1024x768.jpg\" alt=\"\" class=\"wp-image-93\" srcset=\"https:\/\/www.oudonavecvous.ovh\/wp-content\/uploads\/2025\/06\/Poultiere-2-1024x768.jpg 1024w, https:\/\/www.oudonavecvous.ovh\/wp-content\/uploads\/2025\/06\/Poultiere-2-300x225.jpg 300w, https:\/\/www.oudonavecvous.ovh\/wp-content\/uploads\/2025\/06\/Poultiere-2-768x576.jpg 768w, https:\/\/www.oudonavecvous.ovh\/wp-content\/uploads\/2025\/06\/Poultiere-2-1536x1152.jpg 1536w, https:\/\/www.oudonavecvous.ovh\/wp-content\/uploads\/2025\/06\/Poultiere-2.jpg 1600w\" sizes=\"auto, (max-width: 1024px) 100vw, 1024px\" \/><\/figure>\n","protected":false},"excerpt":{"rendered":"<p>Depuis un an, nous allons vers vous, pour \u00e9changer, \u00e9couter, construire Oudon demain. Que ce soit lors de nos 7 caf\u00e9s de campagne ou en r\u00e9union publique, nous avons entendu ce que vous aviez \u00e0 nous dire.<\/p>\n","protected":false},"author":5,"featured_media":0,"parent":180,"menu_order":0,"comment_status":"closed","ping_status":"closed","template":"","meta":{"footnotes":""},"class_list":["post-183","page","type-page","status-publish","hentry"],"jetpack_sharing_enabled":true,"_links":{"self":[{"href":"https:\/\/www.oudonavecvous.ovh\/index.php\/wp-json\/wp\/v2\/pages\/183","targetHints":{"allow":["GET"]}}],"collection":[{"href":"https:\/\/www.oudonavecvous.ovh\/index.php\/wp-json\/wp\/v2\/pages"}],"about":[{"href":"https:\/\/www.oudonavecvous.ovh\/index.php\/wp-json\/wp\/v2\/types\/page"}],"author":[{"embeddable":true,"href":"https:\/\/www.oudonavecvous.ovh\/index.php\/wp-json\/wp\/v2\/users\/5"}],"replies":[{"embeddable":true,"href":"https:\/\/www.oudonavecvous.ovh\/index.php\/wp-json\/wp\/v2\/comments?post=183"}],"version-history":[{"count":2,"href":"https:\/\/www.oudonavecvous.ovh\/index.php\/wp-json\/wp\/v2\/pages\/183\/revisions"}],"predecessor-version":[{"id":189,"href":"https:\/\/www.oudonavecvous.ovh\/index.php\/wp-json\/wp\/v2\/pages\/183\/revisions\/189"}],"up":[{"embeddable":true,"href":"https:\/\/www.oudonavecvous.ovh\/index.php\/wp-json\/wp\/v2\/pages\/180"}],"wp:attachment":[{"href":"https:\/\/www.oudonavecvous.ovh\/index.php\/wp-json\/wp\/v2\/media?parent=183"}],"curies":[{"name":"wp","href":"https:\/\/api.w.org\/{rel}","templated":true}]}}