{"id":180,"date":"2026-03-03T22:46:36","date_gmt":"2026-03-03T21:46:36","guid":{"rendered":"https:\/\/www.oudonavecvous.ovh\/?page_id=180"},"modified":"2026-03-04T00:02:44","modified_gmt":"2026-03-03T23:02:44","slug":"cafes-de-campagne","status":"publish","type":"page","link":"https:\/\/www.oudonavecvous.ovh\/index.php\/cafes-de-campagne\/","title":{"rendered":"Notre d\u00e9marche initiale"},"content":{"rendered":"\n<details class=\"wp-block-details is-layout-flow wp-block-details-is-layout-flow\"><summary>L&rsquo;association Oudon avec vous Tout naturellement !  nous a permis de d&rsquo;appuyer notre d\u00e9marche de rencontre aupr\u00e8s des Oudonnaises et Oudonnais, afin d&rsquo;\u00e9couter les attentes, de pr\u00e9parer notre programme.<\/summary>\n<p><\/p>\n\n\n\n<hr class=\"wp-block-separator has-alpha-channel-opacity\"\/>\n<\/details>\n\n\n<ul class=\"wp-block-page-list\"><li class=\"wp-block-pages-list__item\"><a class=\"wp-block-pages-list__item__link\" href=\"https:\/\/www.oudonavecvous.ovh\/index.php\/cafes-de-campagne\/lobjet-de-notre-association\/\">L&rsquo;objet de notre association<\/a><\/li><li class=\"wp-block-pages-list__item\"><a class=\"wp-block-pages-list__item__link\" href=\"https:\/\/www.oudonavecvous.ovh\/index.php\/cafes-de-campagne\/cafes-de-campagne\/\">Les caf\u00e9s de campagne<\/a><\/li><\/ul>\n\n\n<p><\/p>\n\n\n\n<hr class=\"wp-block-separator has-alpha-channel-opacity\"\/>\n\n\n\n<p><\/p>\n","protected":false},"excerpt":{"rendered":"","protected":false},"author":5,"featured_media":0,"parent":0,"menu_order":0,"comment_status":"closed","ping_status":"closed","template":"","meta":{"footnotes":""},"class_list":["post-180","page","type-page","status-publish","hentry"],"jetpack_sharing_enabled":true,"_links":{"self":[{"href":"https:\/\/www.oudonavecvous.ovh\/index.php\/wp-json\/wp\/v2\/pages\/180","targetHints":{"allow":["GET"]}}],"collection":[{"href":"https:\/\/www.oudonavecvous.ovh\/index.php\/wp-json\/wp\/v2\/pages"}],"about":[{"href":"https:\/\/www.oudonavecvous.ovh\/index.php\/wp-json\/wp\/v2\/types\/page"}],"author":[{"embeddable":true,"href":"https:\/\/www.oudonavecvous.ovh\/index.php\/wp-json\/wp\/v2\/users\/5"}],"replies":[{"embeddable":true,"href":"https:\/\/www.oudonavecvous.ovh\/index.php\/wp-json\/wp\/v2\/comments?post=180"}],"version-history":[{"count":3,"href":"https:\/\/www.oudonavecvous.ovh\/index.php\/wp-json\/wp\/v2\/pages\/180\/revisions"}],"predecessor-version":[{"id":188,"href":"https:\/\/www.oudonavecvous.ovh\/index.php\/wp-json\/wp\/v2\/pages\/180\/revisions\/188"}],"wp:attachment":[{"href":"https:\/\/www.oudonavecvous.ovh\/index.php\/wp-json\/wp\/v2\/media?parent=180"}],"curies":[{"name":"wp","href":"https:\/\/api.w.org\/{rel}","templated":true}]}}